{"id":74,"date":"2020-03-22T15:53:50","date_gmt":"2020-03-22T14:53:50","guid":{"rendered":"http:\/\/ciepermisdeconstruire.fr\/?page_id=74"},"modified":"2026-02-24T12:59:42","modified_gmt":"2026-02-24T11:59:42","slug":"accueil","status":"publish","type":"page","link":"https:\/\/ciepermisdeconstruire.fr\/","title":{"rendered":"Accueil"},"content":{"rendered":"\t\t<div data-elementor-type=\"wp-page\" data-elementor-id=\"74\" class=\"elementor elementor-74\">\n\t\t\t\t\t\t\t\t\t<section class=\"elementor-section elementor-top-section elementor-element elementor-element-df7a072 elementor-section-boxed elementor-section-height-default elementor-section-height-default\" data-id=\"df7a072\" data-element_type=\"section\">\n\t\t\t\t\t\t<div class=\"elementor-container elementor-column-gap-default\">\n\t\t\t\t\t<div class=\"elementor-column elementor-col-33 elementor-top-column elementor-element elementor-element-5e71a63\" data-id=\"5e71a63\" data-element_type=\"column\">\n\t\t\t<div class=\"elementor-widget-wrap elementor-element-populated\">\n\t\t\t\t\t\t\t\t<div class=\"elementor-element elementor-element-4ab1280 elementor-widget elementor-widget-image\" data-id=\"4ab1280\" data-element_type=\"widget\" data-widget_type=\"image.default\">\n\t\t\t\t<div class=\"elementor-widget-container\">\n\t\t\t\t\t\t\t\t\t\t\t\t\t\t\t\t<a href=\"http:\/\/ciepermisdeconstruire.fr\/index.php\/a-propos\/\">\n\t\t\t\t\t\t\t<img width=\"800\" height=\"800\" src=\"https:\/\/ciepermisdeconstruire.fr\/wp-content\/uploads\/2025\/03\/Accueil-siteA.jpg\" class=\"attachment-large size-large wp-image-2077\" alt=\"\" loading=\"lazy\" srcset=\"https:\/\/ciepermisdeconstruire.fr\/wp-content\/uploads\/2025\/03\/Accueil-siteA.jpg 800w, https:\/\/ciepermisdeconstruire.fr\/wp-content\/uploads\/2025\/03\/Accueil-siteA-300x300.jpg 300w, https:\/\/ciepermisdeconstruire.fr\/wp-content\/uploads\/2025\/03\/Accueil-siteA-150x150.jpg 150w, https:\/\/ciepermisdeconstruire.fr\/wp-content\/uploads\/2025\/03\/Accueil-siteA-768x768.jpg 768w\" sizes=\"(max-width: 800px) 100vw, 800px\" \/>\t\t\t\t\t\t\t\t<\/a>\n\t\t\t\t\t\t\t\t\t\t\t\t\t\t\t<\/div>\n\t\t\t\t<\/div>\n\t\t\t\t\t<\/div>\n\t\t<\/div>\n\t\t\t\t<div class=\"elementor-column elementor-col-33 elementor-top-column elementor-element elementor-element-73b186b\" data-id=\"73b186b\" data-element_type=\"column\">\n\t\t\t<div class=\"elementor-widget-wrap elementor-element-populated\">\n\t\t\t\t\t\t\t\t<div class=\"elementor-element elementor-element-c184141 elementor-widget elementor-widget-image\" data-id=\"c184141\" data-element_type=\"widget\" data-widget_type=\"image.default\">\n\t\t\t\t<div class=\"elementor-widget-container\">\n\t\t\t\t\t\t\t\t\t\t\t\t\t\t\t\t<a href=\"http:\/\/ciepermisdeconstruire.fr\/index.php\/spectacles\/\">\n\t\t\t\t\t\t\t<img width=\"800\" height=\"800\" src=\"https:\/\/ciepermisdeconstruire.fr\/wp-content\/uploads\/2025\/03\/Accueil-siteA2.jpg\" class=\"attachment-large size-large wp-image-2078\" alt=\"\" loading=\"lazy\" srcset=\"https:\/\/ciepermisdeconstruire.fr\/wp-content\/uploads\/2025\/03\/Accueil-siteA2.jpg 800w, https:\/\/ciepermisdeconstruire.fr\/wp-content\/uploads\/2025\/03\/Accueil-siteA2-300x300.jpg 300w, https:\/\/ciepermisdeconstruire.fr\/wp-content\/uploads\/2025\/03\/Accueil-siteA2-150x150.jpg 150w, https:\/\/ciepermisdeconstruire.fr\/wp-content\/uploads\/2025\/03\/Accueil-siteA2-768x768.jpg 768w\" sizes=\"(max-width: 800px) 100vw, 800px\" \/>\t\t\t\t\t\t\t\t<\/a>\n\t\t\t\t\t\t\t\t\t\t\t\t\t\t\t<\/div>\n\t\t\t\t<\/div>\n\t\t\t\t\t<\/div>\n\t\t<\/div>\n\t\t\t\t<div class=\"elementor-column elementor-col-33 elementor-top-column elementor-element elementor-element-84e5b72\" data-id=\"84e5b72\" data-element_type=\"column\">\n\t\t\t<div class=\"elementor-widget-wrap elementor-element-populated\">\n\t\t\t\t\t\t\t\t<div class=\"elementor-element elementor-element-05cf7fb elementor-widget elementor-widget-image\" data-id=\"05cf7fb\" data-element_type=\"widget\" data-widget_type=\"image.default\">\n\t\t\t\t<div class=\"elementor-widget-container\">\n\t\t\t\t\t\t\t\t\t\t\t\t\t\t\t\t<a href=\"http:\/\/ciepermisdeconstruire.fr\/index.php\/calendrier\/\">\n\t\t\t\t\t\t\t<img width=\"800\" height=\"800\" src=\"https:\/\/ciepermisdeconstruire.fr\/wp-content\/uploads\/2025\/03\/Accueil-siteA3.jpg\" class=\"attachment-large size-large wp-image-2079\" alt=\"\" loading=\"lazy\" srcset=\"https:\/\/ciepermisdeconstruire.fr\/wp-content\/uploads\/2025\/03\/Accueil-siteA3.jpg 800w, https:\/\/ciepermisdeconstruire.fr\/wp-content\/uploads\/2025\/03\/Accueil-siteA3-300x300.jpg 300w, https:\/\/ciepermisdeconstruire.fr\/wp-content\/uploads\/2025\/03\/Accueil-siteA3-150x150.jpg 150w, https:\/\/ciepermisdeconstruire.fr\/wp-content\/uploads\/2025\/03\/Accueil-siteA3-768x768.jpg 768w\" sizes=\"(max-width: 800px) 100vw, 800px\" \/>\t\t\t\t\t\t\t\t<\/a>\n\t\t\t\t\t\t\t\t\t\t\t\t\t\t\t<\/div>\n\t\t\t\t<\/div>\n\t\t\t\t\t<\/div>\n\t\t<\/div>\n\t\t\t\t\t\t\t<\/div>\n\t\t<\/section>\n\t\t\t\t<section class=\"elementor-section elementor-top-section elementor-element elementor-element-60fff0b elementor-section-boxed elementor-section-height-default elementor-section-height-default\" data-id=\"60fff0b\" data-element_type=\"section\">\n\t\t\t\t\t\t<div class=\"elementor-container elementor-column-gap-default\">\n\t\t\t\t\t<div class=\"elementor-column elementor-col-33 elementor-top-column elementor-element elementor-element-841e1f1\" data-id=\"841e1f1\" data-element_type=\"column\">\n\t\t\t<div class=\"elementor-widget-wrap elementor-element-populated\">\n\t\t\t\t\t\t\t\t<div class=\"elementor-element elementor-element-b1a50d6 elementor-widget elementor-widget-image\" data-id=\"b1a50d6\" data-element_type=\"widget\" data-widget_type=\"image.default\">\n\t\t\t\t<div class=\"elementor-widget-container\">\n\t\t\t\t\t\t\t\t\t\t\t\t\t\t\t\t<a href=\"http:\/\/ciepermisdeconstruire.fr\/index.php\/actions-culturelles\/\">\n\t\t\t\t\t\t\t<img width=\"800\" height=\"800\" src=\"https:\/\/ciepermisdeconstruire.fr\/wp-content\/uploads\/2025\/03\/Accueil-siteA4.jpg\" class=\"attachment-large size-large wp-image-2080\" alt=\"\" loading=\"lazy\" srcset=\"https:\/\/ciepermisdeconstruire.fr\/wp-content\/uploads\/2025\/03\/Accueil-siteA4.jpg 800w, https:\/\/ciepermisdeconstruire.fr\/wp-content\/uploads\/2025\/03\/Accueil-siteA4-300x300.jpg 300w, https:\/\/ciepermisdeconstruire.fr\/wp-content\/uploads\/2025\/03\/Accueil-siteA4-150x150.jpg 150w, https:\/\/ciepermisdeconstruire.fr\/wp-content\/uploads\/2025\/03\/Accueil-siteA4-768x768.jpg 768w\" sizes=\"(max-width: 800px) 100vw, 800px\" \/>\t\t\t\t\t\t\t\t<\/a>\n\t\t\t\t\t\t\t\t\t\t\t\t\t\t\t<\/div>\n\t\t\t\t<\/div>\n\t\t\t\t\t<\/div>\n\t\t<\/div>\n\t\t\t\t<div class=\"elementor-column elementor-col-33 elementor-top-column elementor-element elementor-element-aac4b93\" data-id=\"aac4b93\" data-element_type=\"column\">\n\t\t\t<div class=\"elementor-widget-wrap elementor-element-populated\">\n\t\t\t\t\t\t\t\t<div class=\"elementor-element elementor-element-e7e17c1 elementor-widget elementor-widget-text-editor\" data-id=\"e7e17c1\" data-element_type=\"widget\" data-widget_type=\"text-editor.default\">\n\t\t\t\t<div class=\"elementor-widget-container\">\n\t\t\t\t\t\t\t<p><a href=\"http:\/\/ciepermisdeconstruire.fr\/index.php\/calendrier\/\">\u00c0 venir<\/a><\/p><p>Restitution Culture et Sant\u00e9<br \/><strong>Le Vaisseau<\/strong> au centre de r\u00e9adaptation de Coubert<br \/><strong>27 mars 2026<\/strong><\/p><p>La voiture &#8211; sortie de r\u00e9sidence<br \/><strong>B\u00e9a-Ba<\/strong>\u00a0\u2022 \u00a0ZEF \u2022 Paris 20e \u2022\u00a0<br \/><strong style=\"color: var( --e-global-color-62b2b287 ); font-size: 16.0016px;\">14-16 avril 2026<\/strong><\/p><p>Pizza puppet !<br \/><strong>Le CYEL<\/strong>\u00a0\u2022 La Roche-sur-Yon<strong><br \/>\u2022 17 \u2022 18 \u2022 19 avril 2026<\/strong><strong><br \/><\/strong><\/p>\t\t\t\t\t\t<\/div>\n\t\t\t\t<\/div>\n\t\t\t\t\t<\/div>\n\t\t<\/div>\n\t\t\t\t<div class=\"elementor-column elementor-col-33 elementor-top-column elementor-element elementor-element-d9d193e\" data-id=\"d9d193e\" data-element_type=\"column\">\n\t\t\t<div class=\"elementor-widget-wrap elementor-element-populated\">\n\t\t\t\t\t\t\t\t<div class=\"elementor-element elementor-element-4e676ef elementor-widget elementor-widget-image\" data-id=\"4e676ef\" data-element_type=\"widget\" data-widget_type=\"image.default\">\n\t\t\t\t<div class=\"elementor-widget-container\">\n\t\t\t\t\t\t\t\t\t\t\t\t\t\t\t\t<a href=\"http:\/\/ciepermisdeconstruire.fr\/index.php\/contact\/\">\n\t\t\t\t\t\t\t<img width=\"800\" height=\"800\" src=\"https:\/\/ciepermisdeconstruire.fr\/wp-content\/uploads\/2025\/03\/Accueil-siteA5.jpg\" class=\"attachment-large size-large wp-image-2081\" alt=\"\" loading=\"lazy\" srcset=\"https:\/\/ciepermisdeconstruire.fr\/wp-content\/uploads\/2025\/03\/Accueil-siteA5.jpg 800w, https:\/\/ciepermisdeconstruire.fr\/wp-content\/uploads\/2025\/03\/Accueil-siteA5-300x300.jpg 300w, https:\/\/ciepermisdeconstruire.fr\/wp-content\/uploads\/2025\/03\/Accueil-siteA5-150x150.jpg 150w, https:\/\/ciepermisdeconstruire.fr\/wp-content\/uploads\/2025\/03\/Accueil-siteA5-768x768.jpg 768w\" sizes=\"(max-width: 800px) 100vw, 800px\" \/>\t\t\t\t\t\t\t\t<\/a>\n\t\t\t\t\t\t\t\t\t\t\t\t\t\t\t<\/div>\n\t\t\t\t<\/div>\n\t\t\t\t\t<\/div>\n\t\t<\/div>\n\t\t\t\t\t\t\t<\/div>\n\t\t<\/section>\n\t\t\t\t\t\t\t<\/div>\n\t\t","protected":false},"excerpt":{"rendered":"<p>\u00c0 venir Restitution Culture et Sant\u00e9Le Vaisseau au centre de r\u00e9adaptation de Coubert27 mars 2026 La voiture &#8211; sortie de r\u00e9sidenceB\u00e9a-Ba\u00a0\u2022 \u00a0ZEF \u2022 Paris 20e \u2022\u00a014-16 avril 2026 Pizza puppet [&hellip;]<\/p>\n","protected":false},"author":1,"featured_media":0,"parent":0,"menu_order":0,"comment_status":"closed","ping_status":"closed","template":"","meta":[],"_links":{"self":[{"href":"https:\/\/ciepermisdeconstruire.fr\/index.php\/wp-json\/wp\/v2\/pages\/74"}],"collection":[{"href":"https:\/\/ciepermisdeconstruire.fr\/index.php\/wp-json\/wp\/v2\/pages"}],"about":[{"href":"https:\/\/ciepermisdeconstruire.fr\/index.php\/wp-json\/wp\/v2\/types\/page"}],"author":[{"embeddable":true,"href":"https:\/\/ciepermisdeconstruire.fr\/index.php\/wp-json\/wp\/v2\/users\/1"}],"replies":[{"embeddable":true,"href":"https:\/\/ciepermisdeconstruire.fr\/index.php\/wp-json\/wp\/v2\/comments?post=74"}],"version-history":[{"count":283,"href":"https:\/\/ciepermisdeconstruire.fr\/index.php\/wp-json\/wp\/v2\/pages\/74\/revisions"}],"predecessor-version":[{"id":3242,"href":"https:\/\/ciepermisdeconstruire.fr\/index.php\/wp-json\/wp\/v2\/pages\/74\/revisions\/3242"}],"wp:attachment":[{"href":"https:\/\/ciepermisdeconstruire.fr\/index.php\/wp-json\/wp\/v2\/media?parent=74"}],"curies":[{"name":"wp","href":"https:\/\/api.w.org\/{rel}","templated":true}]}}